4*n - 146 = -69 + 699. What is the greatest common factor of n and 2328?
194
Suppose -5*k + 907 = -3*d, -4*k + 2*k = 3*d - 367. Let r be (-32)/6*6630/(-680). Calculate the greatest common factor of k and r.
26
Suppose 0 = 5*r + 3*w - 1818, 12*w + 398 = r + 4*w. What is the highest common divisor of r and 8662?
122
Suppose -67040 = -89*x - 330*x. What is the greatest common divisor of 56 and x?
8
Suppose 5*u - 115 = -0*u. Let r be -6*(-3)/6*(-4 + u). Suppose -5*y = 2*p - 23, 3*y - 71 = -4*p - 4. Calculate the greatest common factor of r and p.
19
Let d(u) = 44*u**2 - 385*u - 1. Let b be d(-7). What is the greatest common divisor of b and 50?
50
Suppose 28*c - 25*c + y - 6931 = 0, -11554 = -5*c - 4*y. What is the highest common divisor of c and 210?
210
Suppose -10*u - u = 0. Suppose -5*a = c - 100, -3*a - 3*c + u*c = -60. Calculate the highest common factor of 80 and a.
20
Let m = -26482 - -26682. Calculate the greatest common factor of m and 13100.
100
Let d(p) be the first derivative of 7*p**2/2 + 144*p + 24. Let y be d(-17). Calculate the greatest common factor of 1 and y.
1
Suppose -496*k + 488*k + 22816 = 0. What is the highest common factor of 184 and k?
92
Let t(y) = y**2 + 148*y - 24. Let n be t(-150). Calculate the highest common factor of 253 and n.
23
Let a(z) = 50*z + 44. Let j be a(-1). Let y be 1725/6 - j/(-12)*-1. What is the highest common divisor of y and 3?
3
Let v(z) = 832*z**2 + 78*z - 273. Let b be v(3). Calculate the highest common divisor of b and 39.
39
Let r be 9238*(-14)/(-20) - (-5934)/(-9890). What is the highest common factor of 106 and r?
106
Suppose -f - 3195 = -4*i, -2*i + f - 3205 = -6*i. Let c(r) = 228*r + 1612. Let v be c(-7). Calculate the greatest common factor of i and v.
16
Suppose -3*o - 7*s = -409, -7*s + 3*s = 4*o - 540. What is the greatest common factor of o and 6298?
134
Suppose 4*f + 247 = 3*p, 0 = 13*p - 9*p - 5*f - 331. Calculate the greatest common divisor of p and 1.
1
Let g(a) = 2*a**2 + 6*a + 21. Let h be g(5). Let k = h + -31. Let z(n) = -22*n**3 + 2*n + 3. Let j be z(-2). What is the highest common factor of j and k?
35
Suppose -3*q + 5*x = -591, -3*x + 348 + 27 = 2*q. Suppose -q = -4*v + 72. Suppose 388 - v = 7*o. What is the greatest common divisor of o and 115?
23
Suppose 0 = 4*t + 4, n + 97*t = 95*t + 3. Calculate the highest common factor of n and 140.
5
Let y(g) = -2*g + 842. Let c be y(-69). Calculate the highest common factor of 105 and c.
35
Let b(q) be the second derivative of 47*q**4/6 - 2*q**3/3 - 5*q**2/2 - 40*q. Let m be b(-1). What is the highest common divisor of 124 and m?
31
Let h be 1/((-1)/(-255)*3). Suppose -g + 3*j = -h, 0*g = -g + 5*j + 95. Calculate the highest common factor of g and 14.
14
Suppose -78 = -2*z + 276. Suppose 0 = -z*o + 173*o + 1140. Calculate the highest common factor of o and 60.
15
Suppose 0 = -k + 2*j + 706, 5*k + 2*j = -477 + 3983. Let f = 6951 + -6897. Calculate the greatest common factor of k and f.
54
Suppose -3*r = 5*v - 140, -38*r + 34*r + 3*v = -148. Calculate the highest common divisor of 3270 and r.
10
Let u = 92 - 56. Let k = 12159 - 12111. What is the greatest common divisor of u and k?
12
Let y be 73 + (2/(-2) - 0). Suppose 79*j - 144*j - 296 = -102*j. Calculate the highest common factor of j and y.
8
Let b = 3 - 8. Let j be (5 + b - -2)/(1/10). Let w be (-32)/(-10) - 4/j. What is the highest common factor of 4 and w?
1
Let j = -1665 + 2328. Calculate the highest common factor of 52 and j.
13
Let o be 20 - (7 - 7 - -7). Suppose 1020 = 21*s + o*s. What is the greatest common divisor of 120 and s?
30
Let o be (716/(-537))/((-75)/(-27) + -5 + 2). What is the greatest common divisor of o and 598?
2
Suppose 174 = f + 5*z, -2*f - 4*z = -0*f - 324. Let w = f + -97. What is the highest common divisor of w and 19?
19
Let v(g) = 25*g + 35. Let m(f) = 26*f + 35. Let d(t) = 4*m(t) - 5*v(t). Let p be d(-3). What is the greatest common factor of p and 252?
28
Suppose z = 2*j - 48 - 37, -2*j + 60 = 4*z. What is the greatest common divisor of j and 115?
5
Let f be 96/(-30)*((-15)/6)/1. Suppose f = g + 4. Suppose 0 = r - 26 - g. What is the greatest common divisor of 20 and r?
10
Suppose c + 25 = 97. Let h(j) = 7*j + 1. Let r be h(1). What is the greatest common divisor of r and c?
8
Let y(a) = 10*a**2 + 2*a + 1. Let d be y(-1). Suppose -9*x + 0 = d. Let o be -180*(x + (-12)/(-20)). Calculate the highest common factor of o and 18.
18
Suppose 20 = -v - 10. Let n be 6*(-1)/(v/235). Suppose -4*z + 367 + 197 = 0. What is the greatest common divisor of n and z?
47
Suppose -36*z + 1462 + 918 = -z. Calculate the greatest common divisor of z and 148.
4
Let m = -29303 - -29677. Calculate the highest common divisor of 15521 and m.
187
Suppose 286*c - 285*c - 1382 = -5*b, 3*c - 296 = -b. What is the greatest common divisor of b and 33?
11
Let y = 40086 - 23158. What is the greatest common divisor of y and 32?
32
Suppose -308*m = -316*m + 3000. Suppose 0 = 5*w - l - m - 30, 20 = 4*l. What is the greatest common divisor of w and 287?
41
Let a be 3 - (-6 + (-4 - -8)). Suppose -a*s + 5*j + 80 = -0*j, 3*s + 3*j - 18 = 0. What is the greatest common divisor of s and 99?
11
Let u(j) = 1775*j**3 - 7*j**2 + 6*j - 16. Let v be u(2). Calculate the greatest common divisor of v and 23.
23
Suppose 4*p + 268 = 6*p. Let n be 2/17 + (-9600)/102. Let o = n + p. Calculate the greatest common divisor of o and 5.
5
Suppose 0 = -5*z - 25, -4*b = -6*b - 3*z - 51. Let h be ((-4)/b)/(98/441). Calculate the highest common factor of h and 5.
1
Let b(o) = o**3 - 5*o**2 + o - 9. Let i be b(4). Let x = -9 - i. Suppose 0 = l + 5*g - 4, -3*l - 3*g - g + x = 0. What is the highest common factor of 36 and l?
4
Suppose -137 = -5*j + 5*y + 208, 2*j - 137 = y. Suppose -121*z + 93*z + 10472 = 0. What is the highest common divisor of z and j?
34
Suppose 0 = -4*y - 3*c + 246, -5*c - 1 - 229 = -4*y. Suppose -3*d = 88 - 19. Let h = d - -47. What is the highest common factor of h and y?
12
Suppose -2*q - 7 = 5*j, -4*q - 4*j = -q. Let f(o) = 3376*o - 13492. Let l be f(4). Calculate the highest common divisor of l and q.
4
Let i be 3494 - -20*((-84)/90 - 20/(-15)). What is the highest common factor of i and 1442?
206
Let t = 15 - 11. Let x be (-258)/(-9) - t/6. Let o(m) = 86*m + 3008. Let g be o(-34). Calculate the greatest common factor of x and g.
28
Let c be 13 - (728/(-14) - -2). Calculate the greatest common divisor of c and 207.
9
Let n = 12 - 0. Let v(g) = 22*g - 81. Let r be v(9). Let z = r + -109. Calculate the greatest common factor of z and n.
4
Let i(o) be the first derivative of 2*o**3 - o**2 + 16*o - 22. Let d be i(3). Let x = 76 + -44. Calculate the greatest common factor of d and x.
32
Let s be (21 + -12)/(6/20). Suppose 5*j - 2*f = 394, 5*j - 281 - 110 = 3*f. What is the greatest common factor of j and s?
10
Suppose 5*l - 1115 = -109*m + 104*m, 3*l + 5*m = 667. Calculate the highest common divisor of l and 952.
56
Let a = 0 - 0. Let l be 2 + a + 4/(-1). Let x(j) = -j**3 + j**2 - 4. Let g be x(l). What is the greatest common factor of 56 and g?
8
Suppose -279*z + 296470 = -1390085. What is the highest common divisor of 1365 and z?
195
Let a(b) = 9*b + 156. Let g be a(6). Let m = g - 203. Calculate the highest common divisor of 56 and m.
7
Suppose 5*y = -u + y + 44519, 9*y + 222479 = 5*u. What is the highest common divisor of 191 and u?
191
Suppose -5100 = 22*s - 26*s - 4*t, -3829 = -3*s + t. What is the greatest common divisor of s and 88?
44
Suppose 4*r + 12 = 0, -4*w + r + 65 + 54 = 0. Let q be 4667/(-23)*-1 - (-58)/667. Calculate the greatest common divisor of w and q.
29
Let g(z) = -12*z - 4 + 3 + 17 + z**2 - 3*z. Let y be g(14). Let f(j) = 29*j**2 - 2*j. Let i be f(y). Calculate the greatest common divisor of 14 and i.
14
Let n = -9929 - -13996. Calculate the highest common factor of 166 and n.
83
Suppose 0 = -2*d - 1 + 41. Suppose 39*q = 34*q + d. What is the highest common divisor of 28 and q?
4
Suppose 2*d - 1015 = k, -5280*d + 5275*d = 4*k - 2492. Calculate the greatest common divisor of 840 and d.
168
Let l be 7/((-41)/42 + 1). Let c be ((-6631)/95 + 68)/(6/(-20)). What is the greatest common divisor of l and c?
6
Let o(a) = 46*a - 2649. Let b be o(58). Suppose -t = t - 418. Wha